et h(q) = q - 4. Let a(b) = -1 + 2 + 3*b + 0*b - b**3 + 2. Let v be a(-2). Calculate h(v).
1
Let m be 0/(2/(-1) - -1). Let f be (m*3/(-9))/(-1). Suppose 0 = 4*i - 2*o - 4, -4*o = -3*i - f*i - 7. Let d(c) = c**2 - 2. Determine d(i).
7
Suppose -4*r + 5 = 9. Let k(h) = 4*h**2 + h + 1. Calculate k(r).
4
Let g(s) be the first derivative of s**3/3 + 9*s**2/2 + 3*s - 11. Give g(-6).
-15
Let y(z) = -5*z - 1. Suppose 5*w - 3*w = -5*b - 2, 2*w = 5*b + 18. Calculate y(b).
9
Let j(o) = -o**3 + 6*o**2 - 5*o - 3. Suppose 4 = 4*d - 5*m - 2, 0 = 2*d - 3*m - 2. Let k = d - -1. What is j(k)?
-3
Let u be 64/(-11) + (-2)/11. Let p(l) = l**2 + 6*l + 4. Let c be p(u). Let m(i) = 2*i - i + 1 - 2. What is m(c)?
3
Let p(d) = 6*d**2 - 2*d + 1. Let o(n) = n - 5. Let l be o(5). Let v = 9 + l. Let w = v + -8. What is p(w)?
5
Let f(y) = -6*y**3 - 6 + 7*y**3 - 5*y - 5 + 5 + 4*y**2. Give f(-4).
14
Suppose -4*f = -5*q + 14, -5*f + 2*q - 6 = -3*f. Let d(m) be the first derivative of m**6/90 - m**3/3 - 4. Let t(n) be the third derivative of d(n). Give t(f).
4
Suppose 0 = 16*h - 18*h - 10. Let t(z) = z**3 + 5*z**2 - 2. Calculate t(h).
-2
Let c be (-93)/(-6) + 2/(-4). Suppose 0*j = -5*j - c. Let f(b) = b**2 - b - 1. Let r(v) = v**2 - 6*v - 2. Let y(d) = -3*f(d) + r(d). Determine y(j).
-8
Let m(r) = r**2 - 7*r + 2. Let c be m(7). Let v(o) = -3*o + 2*o**3 - 4 - 2*o**2 - c*o**2 + 3 - 3*o**3. Determine v(-4).
11
Let t(w) = 2*w + 2. Suppose 2*y = -q + 5, 2 + 2 = 3*q - 5*y. What is t(q)?
8
Suppose 10 = 2*v + l, 2*l - 3*l = -5*v + 39. Let x(g) = 3 - v*g - 4*g + g**2 + 5*g. Let y(u) = -u + 4. Let f be y(0). Determine x(f).
-5
Let j(h) = -h**2 + 9*h + 3. Let p(b) = 2*b**2 - 17*b - 6. Let g(f) = -5*j(f) - 3*p(f). Suppose 5*m - 45 = -3*a, -2*m + 9 = 3*a - 18. What is g(m)?
3
Let z(p) = 4*p + 5. Let s(q) = -4*q - 3. Let v(n) = -9*n - 7. Let y(b) = 7*s(b) - 3*v(b). Let d(x) = -5*y(x) - z(x). Let r = 5 + 0. What is d(r)?
0
Suppose 2*o + 2 = j, 4*j = -3*o - 0 - 3. Let p be 4/8*(7 - o). Let k(q) = p + 5*q - q - 3*q. Give k(-3).
1
Suppose 0 = 4*s - 4*i - 28, -2*s = -i - 9 - 2. Let w(j) = -1 - 6*j**3 + 2*j**2 - s*j**2 + 2. Suppose 2*m = -3*m - 5. Determine w(m).
5
Let y(v) be the first derivative of v**2/2 - v + 6. Determine y(-3).
-4
Let t(v) = -3*v + 9. Let x(c) = -4*c + 10. Let j be 5/(-1)*2/(-5). Let i(g) = j*x(g) - 3*t(g). Give i(0).
-7
Let k(q) be the third derivative of -q**5/60 - 7*q**3/6 - 2*q**2. Let h be 4/10 - (-2)/(-5). Give k(h).
-7
Let w(n) = -13*n - 7*n + 8 + 21*n. Calculate w(-5).
3
Let w(j) = -4*j + 3. Suppose -5 - 25 = -10*y. Determine w(y).
-9
Let r(g) = -2*g - 2. Let o(x) = x + 16. Let a be o(-14). Let t be -3 - (a + 4 + -3). Determine r(t).
10
Let k(c) be the second derivative of c**5/20 + c**4/6 - c**3/3 + c**2 - 27*c. Calculate k(-3).
-1
Let u(m) = 3*m**3 - 2*m**2 + 1. Let x(g) = 7*g**3 - 4*g**2 + g + 3. Let s(o) = -5*u(o) + 2*x(o). Give s(2).
5
Let y(x) = -5*x + 9. Let b(d) = -d. Let h(q) = 4*b(q) - y(q). Let l = 1 - 1. Calculate h(l).
-9
Suppose z = -z. Let y(l) = -22*l + 2 + 43*l - 22*l. What is y(z)?
2
Let d(o) = -o + 1. Let m be d(3). Let c = 4 + m. Let g be -3 + c + (-12)/3. Let b(p) = -p**2 - 6*p - 3. Calculate b(g).
2
Let s(v) = -3 + 0*v**2 - v + 2*v**2 - 5*v**2 + 2*v**2. Let h = 49 + -26. Suppose 4 = 4*c + 4*p, c - p = 4*p - h. Give s(c).
-9
Let s(v) = v**2 + 3*v + 3. Let d(z) be the second derivative of -z**3/6 + z. Let c be d(-3). Let u be ((-24)/20)/(c/10). Calculate s(u).
7
Let t(x) = 5*x - 4. Let v(b) = -14*b + 12. Let s(m) = 17*t(m) + 6*v(m). Let w be s(-5). Let z(o) = -5*o**2 - 1. What is z(w)?
-6
Let y(i) = -2*i - 1. Suppose -4*b + 2*w - 23 - 9 = 0, 3*b - 3*w = -30. What is y(b)?
11
Let r(a) = 8*a**2 - 20*a**3 + 19*a**3 + 0*a**2 + 5. What is r(8)?
5
Let o(t) = t + 2. Let g = -11 + 3. Let l be g/36 - (-102)/(-27). What is o(l)?
-2
Let z(u) = 0*u + 1 - 2*u + 0*u. Let n = 4 + 0. Suppose -4*w + 5*g = -11, n*w + 0*w = 2*g + 2. Calculate z(w).
3
Let m(w) = w**2 - 5*w - 6. Let b be m(-2). Let u(f) = f - 3. Give u(b).
5
Let l(d) be the third derivative of 4*d**2 + 1/120*d**6 + 0 + 0*d + 1/4*d**4 - d**3 - 7/60*d**5. Give l(6).
-6
Let n(s) = 2*s + 2 - s**2 + 9*s - 11*s. What is n(-2)?
-2
Suppose 1 = 2*s + 4*x - 1, -s + 13 = -4*x. Let h(c) = -7 - 5*c + s*c + 3*c - 4*c. Calculate h(-4).
-3
Let v(h) = 11*h + 5. Let g(p) = 12*p + 6. Let y(z) = -2*z - 1. Let q be y(2). Let c(t) = q*g(t) + 6*v(t). Let l = -8 - -9. Give c(l).
6
Suppose 0 = 2*k - 0 - 8. Let y be (k/8)/(1/4). Let d(m) = -m + 0 - 3 + y*m. Determine d(3).
0
Let n(t) = -t + 4. Let f(d) = -3*d + 8. Let i(v) = 2*f(v) - 5*n(v). What is i(-6)?
2
Let r(o) = o + 3. Let d(x) = 8*x. Let w be d(-1). Let v be r(w). Let f(y) = 4*y + 14. Let b(z) = -2*z - 7. Let p(m) = 5*b(m) + 2*f(m). Determine p(v).
3
Let b(y) = -y + 11. Let m be b(11). Let f(z) = -z + 2. Let g be f(m). Let u(j) = 2 - 2 - g + 2*j. What is u(-2)?
-6
Let g(d) = d**3. Let q(i) = 8*i**3 + i**2. Let p(r) = -5*g(r) + q(r). What is p(1)?
4
Let j(g) = 3*g**2 - 6*g - 12. Let n(c) = -c**2 - c + 1. Let p(s) = j(s) + 4*n(s). Give p(-6).
16
Let a = -3 + 2. Let u(b) = b + 1. Let q(t) = 150*t + 250. Let i(z) = -q(z) + 250*u(z). Let p(h) = 9*h. Let k(o) = -4*i(o) + 45*p(o). What is k(a)?
-5
Let z(c) = -c**2 - 3*c - 3. Let r be 1 + (1 - 0) + (-76)/19. Calculate z(r).
-1
Suppose -4*l = -2*q + 16, 3*l - 2*q = -3*q - 7. Let m(u) = u**2 + 2*u + 4. Calculate m(l).
7
Suppose -4*m = 2*s + 16, -2*s + 2*m = 8 + 2. Let q(l) = -l + 8. What is q(s)?
14
Let x(q) = -7*q + 9. Let a(p) = -6*p + 9. Let t(m) = 6*a(m) - 5*x(m). What is t(6)?
3
Let v(r) = r**3 - 3*r**2 + 2*r - 2. Suppose t + 1 = 3. What is v(t)?
-2
Let s(c) be the first derivative of 1/120*c**5 + 0*c**2 - 1/12*c**4 - 2/3*c**3 + 0*c + 3. Let t(i) be the third derivative of s(i). Determine t(-2).
-4
Let m(t) = t**2 + 12*t + 1. Let p be 30/(-25)*1/((-2)/(-20)). Calculate m(p).
1
Let b(n) = -2*n - 15. Let a be b(-5). Let l be (-2)/(-11) - 60/(-33). Let x(d) = 9 + 0*d + l*d - 3. Determine x(a).
-4
Let h be 5/(-30)*-6 - (-1 - -1). Let n(w) = 13*w. Calculate n(h).
13
Let q be (-3)/6 - (-1)/2. Let a(o) be the third derivative of 0*o + 1/6*o**3 + 1/12*o**4 + q + 2*o**2. What is a(3)?
7
Let h(z) = -1 - 9*z**2 + z**2 + 3*z + 3*z + 3*z - z**3. What is h(-9)?
-1
Let w(z) = z**3 + 5*z**2 - 7*z - 1. Suppose -4*l - 1 = 3*b + 8, 5*b = -3*l + 7. Give w(l).
5
Let u(g) = 0 + 1 - 5*g + 4*g + g**2 + 4*g. Calculate u(-2).
-1
Let z(f) = -f - 4. Let v(l) = -l**2 + 3*l - 2. Let t(n) = -n + 4. Let d be t(0). Let g be v(d). Determine z(g).
2
Let h(r) be the third derivative of -r**5/60 + r**4/6 - r**3/2 + 6*r**2. Give h(3).
0
Let w = -1 - -5. Suppose -3*o - 4*a = 26, -5*o + 0*a - w*a - 38 = 0. Let h(k) = -k**3 - 6*k**2 + k + 1. Calculate h(o).
-5
Let d(x) = x - 1. Let r(p) = 4*p - 2. Let j(i) = -d(i) + r(i). What is j(8)?
23
Suppose 0 = -5*r + o - 5, 3*r + o = -2*o - 21. Let p(d) be the second derivative of -d**3/6 + d**2 + 37*d. Calculate p(r).
4
Let r(l) = l**3 + 4*l**2 + 2*l - 4. Let h(v) = 9*v - 39. Let x be h(4). Give r(x).
-1
Let g(o) = -o**2 + 5*o - 2. Let k(m) = -m**3 - 11*m**2 + m + 11. Let h be k(-11). Suppose -d + 3 + 1 = h. Calculate g(d).
2
Let o(t) = -t**2 - 5*t - 1. Let a be o(-4). Let s(i) = -i**2 + 2*i + 2. Let m be s(a). Let y(w) = -w. Determine y(m).
1
Let b(j) = 5 + 2*j + 1069*j**2 - 1071*j**2 - 1 - 3. What is b(-1)?
-3
Suppose 2*x = x + 7. Let p(l) = 4*l - 2*l + x - l. Suppose -34 = 5*s - 9. What is p(s)?
2
Suppose -m - m = -6. Let w(y) = 10 - m*y**2 - 10. Determine w(-1).
-3
Let z(w) = w**3 - w**2 - w - 1. Suppose f + 2 = 5. Suppose -9 = 3*d - f. Give z(d).
-11
Let s(o) = o**3 - 12*o**2 + 12*o - 6. Let t be s(11). Suppose -t = 5*a - 0*a. Let d(x) = x**3 + 2*x**2 + x. Determine d(a).
0
Let k(v) = 0 + 177*v - 179*v - 3. Give k(-7).
11
Suppose -2*m - 26 = 3*x + 2*m, m + 2 = 0. Let w(s) be the first derivative of s**3/3 + 7*s**2/2 + 8*s - 1. What is w(x)?
2
Let y be 3 - (1 - -2) - 1. Let h(u) = 2*u - 7*u + 1 + u. Give h(y).
5
Let l(n) = 2*n**2 + 3*n - 3. Suppose 96 = 2*o + o. Let v be o/(-40) - 11/5. What is l(v)?
6
Suppose -g = -4*g + 9. Let v(u) = -9*u - u**2 + 1 + 7*u + 0 - g. Give v(-2).
-2
Let v(c) = 3*c**2 + 2*c**2 - 2*c**2 + c**3 + c. Give v(-3).
-3
Let d(t) = -12*t**3 + 2*t**2 - 1. Let u be (-3 - -3 - 2)*-2. Let s be (-1)